m - 602158, m - 602174 = -2*y. Is y composite?
True
Let b(r) be the second derivative of 11*r**4/6 + 19*r**3/3 + 73*r**2 + 3*r + 1. Is b(-24) a prime number?
False
Let t(a) be the first derivative of 169*a**2/2 + 310*a + 75. Is t(15) composite?
True
Let i(z) = z**2 - 23*z + 43. Let t be i(21). Let j(a) = 6*a - 2. Let y be j(t). Suppose -10*v = -y*v - 8166. Is v a composite number?
False
Suppose -3*q + 24*q = 63. Suppose -q*a + 6779 = -3223. Is a composite?
True
Let f(s) = 2*s**2 + 14*s + 12. Let u be f(-6). Suppose -3*a - 4*z + 11693 = u, a = -0*a + 5*z + 3866. Let n = a + -1842. Is n a composite number?
True
Let s be 50/125*(18 + -3). Suppose 4*h = -4067 + 16259. Suppose h + 78 = s*v. Is v a prime number?
True
Suppose -g = 5*l - 6*l - 6852, -6 = 3*l. Is (7 - (-51)/(-7)) + g/14 composite?
True
Suppose 56 = 3*c + z, -5*z = 4*c - 9*c + 80. Let n be ((-4813)/6)/((-3)/c). Suppose -3*f + n = -2000. Is f a composite number?
True
Suppose 11*n + 68 = 7*n. Let s(o) = -38*o - 67. Is s(n) a composite number?
True
Let s(f) = 248*f + 813. Is s(11) a composite number?
False
Let z(w) = w**3 - 7*w**2 + 7*w - 1. Let c be z(6). Suppose -4723 = -c*t + 18912. Is t composite?
True
Let x = -503 + 502. Let k(l) = -4722*l**3 - l**2 + l + 1. Is k(x) composite?
False
Let a = 4 + -3. Let h(d) = -d**2 + 2*d + 1. Let w(q) = 1344*q**2 + 10*q + 9. Let b(k) = -6*h(k) + w(k). Is b(a) prime?
False
Is (-662564)/(-126)*(-4770)/(-20) a composite number?
True
Let p = -1093 - -1780. Let o = p - 25. Is o a composite number?
True
Is ((-53349)/(-18))/((-25)/(-75))*2 a prime number?
True
Suppose 52*n - 6363269 = -58*n - 11*n. Is n a prime number?
False
Suppose -2*d + 4*p + 45988 + 26814 = 0, 0 = 3*d - 3*p - 109203. Is d prime?
False
Let m(v) = -980*v**3 + 8*v**2 + 21*v + 85. Is m(-6) prime?
True
Let z(m) = -7574*m + 243. Is z(-5) composite?
False
Let c(u) = -95*u + 92. Let k(f) = f**2 - 3*f - 31. Let d be k(0). Is c(d) a composite number?
False
Let q(j) = 4193*j - 13600. Is q(81) a prime number?
False
Let u = 674018 - 447027. Is u a prime number?
True
Suppose -33*c + 3008941 = 52*c - 1200174. Is c prime?
False
Let a(w) = -w**3 + 18*w**2 + w - 13. Let j be a(18). Let t be (j + -2)*24/18. Suppose -1253 = -3*u - 4*b - b, t = b. Is u prime?
False
Let s = 8 + -2. Let i be 425/2 - (5 + (-27)/s). Suppose 0 = -2*v + 582 + i. Is v prime?
True
Let k be ((-36)/(-8))/(-9)*0. Suppose -2*q - 1 = 3*y, k*q - 4*y = -2*q + 20. Is (-1 - 0) + 62 + q prime?
False
Is ((-850)/(-125))/((-32)/131960*1/(-2)) a prime number?
False
Let b(l) = -22*l**2 + 11*l + 7. Let c be b(16). Let i = -3618 - c. Is i a prime number?
True
Let i = 491 + -487. Is (60/16 - i) + (-1781)/(-4) prime?
False
Suppose 3*c - 59 = -a + 124, 5*a = c + 963. Suppose a + 268 = o. Suppose 3*v = -v + o. Is v prime?
False
Let u(g) = g**3 + 71*g**2 + 245*g + 119. Is u(-60) composite?
True
Suppose 3*u - 99*u + 550176 = 0. Is u a composite number?
True
Is -44*(-7)/(252/25911) a composite number?
True
Suppose 18053 = 2*z - 5*f, -17*z + 12*z + 45110 = -5*f. Is z a prime number?
False
Suppose 5*l - 40 = -5*a + 2*a, -5*l = -4*a - 5. Suppose 337 = v + 5*f, 0 = 3*v - 4*v + l*f + 317. Is v a composite number?
True
Let g = 103 + -81. Suppose 36*f - 966 = g*f. Is f a composite number?
True
Let f(c) = -33*c. Let w be f(-1). Suppose 0 = j - 4*r - 43, -3*j + 2*r + w = -2*j. Suppose -5*h = -4*h - j. Is h a composite number?
False
Suppose -11 - 1 = -6*w. Suppose -w*a = 3*g - 359, -a + 3*g + g + 163 = 0. Suppose 2*q - a = 867. Is q a prime number?
True
Suppose -4*u + 8*s = -141564, 0 = 39*u - 43*u + s + 141606. Is u a composite number?
True
Suppose -7*q + 2*q + 595 = 0. Suppose -x + 20 = -2*b, -11 = 5*x - 2*b - q. Is (-4)/x + 10137/33 a composite number?
False
Suppose -13 = -4*k - 13. Let z(v) = -v**3 - 2*v**2 - v + 60. Let g be z(k). Is (1813 - -1)/(g/30) a composite number?
False
Let n(k) = -5*k**2 - k. Let s be n(-4). Let r = s - -96. Is 43224/20 + (-4)/r a prime number?
True
Let i = 155 + -98. Let f(b) = -26 + 8*b**2 - 3*b + 11*b + i. Is f(-10) a composite number?
False
Suppose 4*i - 225844 = -2*d, -d - 5997 + 175380 = 3*i. Is i a composite number?
True
Let a = -128 - -151. Suppose -a*z = -9*z - 35042. Is z prime?
True
Let i be (-5 - (-454013)/28)/((-6)/(-32)). Suppose -33994 = 6*f - i. Is f a composite number?
True
Suppose -3*a + 8*a - 5355 = 0. Let z = a - -93. Suppose 2*s = -2*x + z, -3*s + 762 + 979 = 4*x. Is s a composite number?
False
Let q(w) = -4033*w + 4263. Is q(-40) composite?
True
Let w be -4*-782*(-7)/(-56). Is w - (11 - 5 - 6) a prime number?
False
Suppose w + 95 + 518 = 2*d, -4*d + 1216 = -4*w. Let v = d - -1632. Is v prime?
False
Let z(c) = 159*c**2 + 14*c + 1288. Is z(-49) prime?
False
Is (19844 - (10 - 4)) + -7 prime?
False
Suppose -4*b + 2*b + 4*n + 26072 = 0, 2*b - 26072 = 3*n. Let s = b + -7776. Suppose 0 = -4*q - s + 14072. Is q composite?
False
Let f = -3293 - -4940. Let w = f + -436. Is w a prime number?
False
Let c(l) = l + 33 - 12*l**2 - 9*l**2 - 8*l**3 + 7*l**3 + 8*l. Let b be c(-22). Suppose -60 = m - b. Is m a composite number?
True
Suppose -2*w + 2 = o, -10 + 0 = 5*o. Suppose 3*k = -w*t + 2075, 3*k + 2*t = -2*t + 2077. Is k a prime number?
True
Suppose 13*f + 262454 = l + 8*f, -2*f - 262457 = -l. Is l a composite number?
False
Let k = 607 + -190. Let z = -266 - -415. Suppose -z = 4*p - k. Is p a composite number?
False
Suppose 5*p = 5, 3*r + 13 = 8*r - 2*p. Suppose r*d - 3210 = 2319. Is d a composite number?
True
Let y be ((-7)/(-14))/(2/(-8936)). Let z = y + 5162. Suppose -4*s + 3681 = s - f, 4*s - 5*f = z. Is s a composite number?
True
Let i(g) = -7*g**2 - 10*g + 8. Let a(c) = 7*c**2 + 11*c - 11. Let w(x) = -4*a(x) - 5*i(x). Is w(-5) a composite number?
False
Let a = 115588 - 37095. Suppose 3*o - 66836 = -5*w, -11654 = 5*w + 2*o - a. Is w a prime number?
False
Suppose x - 61706 = -5*s + 8403, -3*s = -5*x - 42043. Is s a prime number?
False
Let c(t) = -3*t + 4. Let d be (12/9)/(6/27). Let i be (40/12)/((-2)/d). Is c(i) a composite number?
True
Let l(z) = -z + 18. Let h be l(15). Suppose 0 = s + 2*k - 1, 5*s - 16 - h = 4*k. Suppose t - s*v - 265 = 0, -4*v - 1285 = -5*t + v. Is t a composite number?
True
Let i(o) = 13*o**3 - 25*o**2 - 49*o - 12. Is i(23) a prime number?
True
Suppose q + 389 = k, -6*k + 1925 = -5*q - 5*k. Let j = -674 - -2193. Let b = j - q. Is b a prime number?
False
Suppose -3*u = -3, -88816 = -4*x - 4*u + 72592. Is x a composite number?
False
Let x = 14621 + -5485. Suppose 1429 = -7*y + x. Is y composite?
True
Let v(i) be the first derivative of -16 - 24*i - 445*i**2 - 17 + 7*i. Is v(-3) a prime number?
False
Let c(i) be the third derivative of -i**6/120 - i**5/20 + 13*i**4/24 + 2*i**3 - 17*i**2. Let s be c(-5). Is (12/s + 11)*(18 + -1) composite?
True
Let p(l) = 121*l + 4. Let d(g) = 122*g + 2. Let n(q) = 2*d(q) - 3*p(q). Is n(-1) a prime number?
False
Suppose -53*r - 71*r + 20139212 = 0. Is r a composite number?
False
Let j = 897 - 903. Is (-1)/(281925/46989 + j) a prime number?
False
Let v = -44912 - -182013. Is v a composite number?
True
Suppose 3*o = -2*o + 6640. Let p = o + -2822. Let q = p + 2281. Is q prime?
True
Suppose y + 27 = -c + 23, 2*y = 3*c + 7. Let i(a) = -1736*a + 65. Is i(c) prime?
True
Let i(j) = 12*j**2 + j - 3. Let x be i(1). Suppose x*k - 120283 = 72387. Is k a prime number?
True
Suppose -129113201 + 11425766 = -345*k. Is k prime?
True
Let o = 449987 - 149208. Is o composite?
False
Let h(n) = -4*n + 25. Let f be (3/18)/((-3)/9)*-6. Suppose 4*d + 57 = o, -2*d + f*o = -0*o + 21. Is h(d) prime?
False
Let h = 54 + -12. Suppose 4*z - h + 30 = 0. Suppose 4922 = 4*y - b - 3675, -4*y + z*b = -8599. Is y a prime number?
False
Suppose 67*y = 63*y + 21580. Suppose 5*k + 7192 = 4*v + 2*k, 3*v - 2*k = y. Is v a prime number?
True
Is (1028876/(-24))/((-86)/1548) a composite number?
True
Let u = -188994 - -328181. Is u a prime number?
True
Let u(y) = -4*y**3 - 2 - 85*y**2 + 3*y**3 + 103*y**2. Is u(15) a prime number?
True
Is 8/(-2) - -7 - (-259852 + -6) composite?
True
Let k = -60 + -405. Is (-53010)/(-26) + (-7 - k/65) a composite number?
False
Let c(p) = 16*p**2 - 22*p + 209. Is c(31) a composite number?
True
Let n(d) = -216*d**3 + 3*d + 2. Let c be n(-1). Let t = 17 - c. Let k = t - -2557. Is k com